s of a.
19, 241
What are the prime factors of -1*(73794/(-3))/7?
2, 7, 251
Let r = -162 - -6765. List the prime factors of r.
3, 31, 71
Suppose 0 = -j + k + 38551, -2136*j - 154222 = -2140*j - 5*k. What are the prime factors of j?
3, 71, 181
Let a = 74889 + -41349. List the prime factors of a.
2, 3, 5, 13, 43
Suppose -14*b - 4 = 94. Let x(v) = v**3 + 15*v**2 - 22*v + 8. List the prime factors of x(b).
2, 277
Suppose -31*l = -29*l - 16. Suppose -4*z + l = 16, -1770 = -v - 4*z. What are the prime factors of v?
2, 7, 127
Suppose 37*k = 46*k - 66888. What are the prime factors of k/(24/3) - 3?
2, 463
Let t be (-6)/(-57) - 194116/(-247). List the prime factors of t - 6 - (-1 - -4).
3, 7, 37
Suppose 36*c - 25*c = 6358. List the prime factors of c.
2, 17
Let r = -20 + -19. Let s be 69 + (-4)/1 - 1. Let m = r + s. List the prime factors of m.
5
Suppose -2*o = -3*p - 15029, 0 = -14*o + 15*o - 4*p - 7507. List the prime factors of o.
73, 103
List the prime factors of ((-15)/25*1)/((-2)/7590).
3, 11, 23
Suppose 0 = -3*c + 1755 + 345. Let j = c + -168. Suppose -6*g = g - j. List the prime factors of g.
2, 19
Let i = -27363 + 44176. List the prime factors of i.
17, 23, 43
Suppose 56*s + 3*s - 1043019 = 1048531. What are the prime factors of s?
2, 5, 709
Let w = -42338 + 61945. List the prime factors of w.
7, 2801
Suppose 0 = -3*i + 4*f + 229291, -257*f - 152864 = -2*i - 255*f. What are the prime factors of i?
3, 19, 149
Let o be (-21)/(-2 - -1 - 0). Let n = 66 - o. Suppose -8 = 2*t - 3*t + 2*c, n = 3*t + c. What are the prime factors of t?
2, 7
Let q = -3256 + 4591. Let g = q - 258. List the prime factors of g.
3, 359
Let p = -133348 + 203048. What are the prime factors of p?
2, 5, 17, 41
Let g = 45 + -43. Suppose 5*w = -g*c + 1767, 2*w - 3*c + 201 - 904 = 0. List the prime factors of w.
353
Let i(v) = -3*v**2 + 4*v + 2. Let m(s) = -5*s**2 + 7*s + 4. Let z(n) = -11*i(n) + 6*m(n). Suppose 0 = 20*o + 3*o - 46. List the prime factors of z(o).
2, 5
Suppose -601 - 289 = -5*z. Let w = z + 57. What are the prime factors of w?
5, 47
Let h(d) = -d**2 + 12*d - 20. Let z be h(10). Suppose j - 4*j + 15 = z, -2*j = -c + 255. What are the prime factors of c?
5, 53
Let t(x) = 5*x**2 + 118*x - 315. List the prime factors of t(24).
3, 7, 257
Let p(y) = y**3 - 5*y**2 - 16*y + 14. Let r be p(7). Suppose r = 2*q + 250 - 304. What are the prime factors of q?
3
Let f = 77 - 83. What are the prime factors of (4 - 115/10)*332/f?
5, 83
Suppose -3*d - 36 = 48. Let c = 32 + d. Suppose 4*g = -3*r + 279, 2*r + c*g = 106 + 80. List the prime factors of r.
3, 31
Let g be 1*(1 + 4)/(4/28). Suppose 219 = i - g. Suppose 2*l + i = 2*h, h + l - 242 = -h. What are the prime factors of h?
3, 41
Let h(p) be the second derivative of -p**5/20 + 13*p**4/12 - p**3/3 + 5*p**2/2 + 6*p. What are the prime factors of h(4)?
3, 47
Suppose j = 10 + 2034. Suppose -11*f + 7*f + j = 0. Suppose 31*l = 24*l + f. List the prime factors of l.
73
Let y(b) = b**3 + 13*b**2 - 10. Let r be y(-13). What are the prime factors of (8/r)/((-3)/((-1035)/(-6)))?
2, 23
Suppose -1583 = 5*n + 4*p + 4236, 0 = -3*p + 12. Let s = n - -2016. What are the prime factors of s?
3, 283
What are the prime factors of (1 - 421570/(-8)) + 720/960?
2, 3, 8783
Suppose -28*b + 127795 = -84781. List the prime factors of b.
2, 13, 73
Suppose -16*q + 8*q - 520 = 0. Let l = 165 - q. List the prime factors of l.
2, 5, 23
Let g(y) = -y**2 - 3*y + 3. Let b be g(-3). Suppose b*d + 65 = -2*n + 254, 5*d = 5. List the prime factors of n.
3, 31
Let v(j) be the second derivative of 68*j**3/3 - 41*j**2 - 100*j. List the prime factors of v(7).
2, 3, 5, 29
Let i(r) = 12*r**2 - 26*r + 140. List the prime factors of i(35).
2, 5, 7, 199
Let h(x) = 7*x - 23. Let i(p) = -p - 1. Suppose -4*t - 5 = -9*t. Let q(y) = t*h(y) - 6*i(y). What are the prime factors of q(15)?
2, 89
Let x be (6/(-12))/((-2)/4). Suppose -6*t = -x + 25. List the prime factors of 3/1 + t + 70.
3, 23
Let g be 18/(4/(-24)*-6). List the prime factors of g/21*756/3 + -3.
3, 71
Let v = 14692 + -9673. Suppose -v = -6*o - 15*o. What are the prime factors of o?
239
Let z be 382 + 13 - (-3)/1. Suppose -z = -2*f + 232. What are the prime factors of f?
3, 5, 7
Suppose 4*i + 170724 = 5*z, z - i + 4550 = 38696. List the prime factors of z.
2, 3, 5, 569
What are the prime factors of (1179 + 12)/(15/555)?
3, 37, 397
Let j(x) be the third derivative of -x**6/60 + 68*x**3/3 - 108*x**2. List the prime factors of j(0).
2, 17
Suppose 8*k = -3*k + 264. Suppose t = 3*c - 9, 2*c = -c - 4*t + k. Suppose -13*b + 522 = -c*b. What are the prime factors of b?
2, 29
Let d = 221 - 70. Let b(q) = q**2 + 123*q - 6237. Let p be b(38). Let t = p + d. List the prime factors of t.
2
Let w be -3*30/18*1*-2. Suppose 5*o + 376 = k - 190, 0 = 2*o - w. What are the prime factors of k?
3, 197
List the prime factors of 16/(-32)*475952/(-4).
2, 151, 197
Let a be 7 - (1 - (3 + -1)). Let i be 2/a - (-11)/(-44). Suppose i*b + 4*b - 256 = 0. List the prime factors of b.
2
Suppose -3*y + 148 = 4*p - 0*y, -2*p - y + 72 = 0. Suppose -p*b = -16136 - 1782. What are the prime factors of b?
17, 31
Suppose -3*u + 1 = -p - p, 4*p = -3*u + 43. Suppose 0 = -11*n + p*n + 448. What are the prime factors of n?
2, 7
Suppose 0 = 2*j + 4*v - 41142, 87*v - 89*v = 4. List the prime factors of j.
5, 823
Suppose -130*o + 155*o = 100. What are the prime factors of (18/(-2))/(24/(-1888)*o)?
3, 59
Suppose -2*j - 3*i = -27, -2*i - 2*i - 24 = -4*j. Suppose j*v - 2627 - 2575 = 0. What are the prime factors of v?
2, 17
Let a(f) = -f**3 - f**2. Let r be a(0). Suppose -3*v - s - 5 + 0 = r, 5*s = -10. What are the prime factors of ((-19)/(-57))/(v/(-78))?
2, 13
Let o(r) = 25*r**3 - 8*r**2 + 52*r + 29. What are the prime factors of o(9)?
2, 7, 1291
Let u(x) = -4*x - 27. Suppose 40 = -5*w - 3*c, w - 5 = 6*w - 4*c. Let f be u(w). List the prime factors of 4/28 - 370/f.
53
Suppose -4*r + 4*y + 1886 = 370, -y - 2 = 0. Suppose -77*b + 6848 + 29504 = -5305. Let v = b - r. What are the prime factors of v?
2, 41
Let q(s) = 105 - 68 + 8*s**2 + 12*s - s**3 - 51 + 7*s**2. What are the prime factors of q(-7)?
2, 5, 7
Let q = 10823 - 2801. What are the prime factors of q?
2, 3, 7, 191
Suppose 2*b - o - 28136 = 4173, 4*b - 64636 = 4*o. What are the prime factors of b?
2, 5, 17, 19
Let n be (3903/12)/(((-1)/4)/1). Let s = -887 - n. What are the prime factors of s?
2, 3, 23
Let m(z) = -15 + 0 - 7 + 5*z. Let r be m(5). Suppose w = f - 29, r*w + 29 = f - 0*f. What are the prime factors of f?
29
Let i(d) = -66*d - 418. Let t be i(-7). Suppose 1328 = t*x - 32420. List the prime factors of x.
13, 59
Let a(w) = 5*w + 14. Let i(u) = 3*u + 7. Let n = -49 - -47. Let k(g) = n*a(g) + 5*i(g). What are the prime factors of k(12)?
67
Let v(o) = o**3 + 2*o**2 - 7*o + 8. Let p be v(2). Let j(w) = -3 - 11 + p + 2*w. List the prime factors of j(7).
2, 5
Suppose 12*l - 17*l = -30. Suppose g = l*g, h - 2*g = 5. Suppose 3*n - 52 - 96 = -2*m, 4*m + h*n = 294. What are the prime factors of m?
71
Suppose 1888 = -5*y + 1923, 0 = -m + 5*y + 29786. List the prime factors of m.
11, 2711
Let k be 1*-1 - (78 + 13). What are the prime factors of (120/(-14))/(1 + k/91)?
2, 3, 5, 13
Let u(v) be the first derivative of 205*v**2/2 - 8*v - 25. Let c be u(-3). Let f = -347 - c. What are the prime factors of f?
2, 3, 23
Suppose 11*z - 8 = 12*z - 2*j, 0 = -3*z + 5*j - 20. Suppose 0 = -10*p - z*p + 3*p. What are the prime factors of 31 - (-4 - (-5 + p))?
2, 3, 5
Suppose 2*t + 9 - 3318 = -k, 13221 = 4*k + 5*t. Suppose 2*d + 5*h - 2203 = 0, 0 = -4*d + 7*d + 2*h - k. What are the prime factors of d?
7, 157
Suppose 8*c = 9*c - 575. Suppose -13*l + c - 237 = 0. List the prime factors of 0 + (-4)/l + 59303/403.
3, 7
Suppose 3*c - 3*w - 21 = 0, 4*w + 44 - 7 = 5*c. What are the prime factors of (-12)/(-2)*c/(144/3496)?
3, 19, 23
Suppose -3*y + y = -0*y. Suppose y = 3*t + 5*i - 32, -5*t - 5*i + 7 = -33. Suppose 0 = -t*o + 9*o - 215. List the prime factors of o.
43
Suppose 5*c = 2*c + 2991. Suppose 6*s - 263 = c. Suppose 2*p - 8 - s = 0. What are the prime factors of p?
109
Suppose 220*k - 18647345 + 1309701 = -163*k. What are the prime factors of k?
2, 11317
Let h(f) = f**3 - 23*f**2 - 50*f + 14. Let t be h(25). Let n be 20/70 - 